 Determine l(n).
-6
Let l(d) be the first derivative of -d**4/4 - d**3 - 7*d**2/2 - 5*d + 49. Let k(g) = -5*g**3 - 11*g**2 - 30*g - 21. Let x(z) = -2*k(z) + 9*l(z). Calculate x(6).
15
Let w(g) = g**3 + g**2 - 4*g - 1. Suppose 1801*b - 1792*b = 0. Determine w(b).
-1
Suppose b - 3*c = -4*b + 7, -2*b + 2*c = -2. Let k = b + 4. Let w(i) = 175*i**2 + 6 - 176*i**2 - k*i - 3. What is w(-5)?
8
Let w be 32/4 - (-2 - -2). Let v(s) = 6*s + 6 - 9*s**2 + 53121*s**3 - 106249*s**3 + 53129*s**3. Determine v(w).
-10
Let g be ((-32)/112)/(4/(-14)). Let l(r) = -14*r**3 - 26*r**3 + 50*r**3 - 27*r**3. What is l(g)?
-17
Suppose -5*k + 67 - 7 = 0. Let u = k - 6. Let l(v) = -328*v + 105*v + 116*v + 106*v. Calculate l(u).
-6
Let m(k) = k**3 - 7*k**2 - 8*k + 3. Let n be -14*(-3 + (-5)/(-2)). Let s(c) = -12 - n*c + 5*c - 3*c. Let z be s(-4). What is m(z)?
3
Let m(h) = -2761 - 1458*h**2 + h + 2755 + 1459*h**2. Give m(-7).
36
Let q be 8/14*343/98. Suppose -c = -2*y - 5*c, 2*c - 6 = q*y. Let v(j) = 5*j**3 + j**2 + j - 2. Calculate v(y).
-40
Let g(k) = 2*k**3 + 2*k**2 + 2*k + 3. Let c(j) = 2*j**2 + 53 + 8*j - 64 + j**3 + 0*j**3 + 8*j**2. Let s be (0 - 8)*1 + -1. Let w be c(s). Determine g(w).
-9
Let c(k) be the first derivative of -k**5/20 - k**4/2 - k**3/2 + k**2 + 4*k - 42. Let b(i) be the first derivative of c(i). Calculate b(-4).
-18
Let n(i) = -i**2 - 18*i + 22. Let a = 97 + -75. Let l(c) = c**3 - 19*c**2 - 68*c + 25. Let z be l(a). Calculate n(z).
3
Let m = 12676 - 12673. Let a(k) = -11*k**2 - 4*k + 5. Give a(m).
-106
Let v(p) = 4*p**2 - 3*p - 77. Let i(d) = -6*d**2 + 4*d + 99. Let m(z) = -4*i(z) - 5*v(z). What is m(2)?
3
Let a = 25 + -20. Let t be 5/a + 8/2. Let k(b) = 8*b - 1 - t - 1 + 8. Calculate k(1).
9
Let v be 3/2*(-464)/(-174) + -7. Let y(j) = 3*j**2 + 8*j + 6. Determine y(v).
9
Let h be ((-12)/10)/(4/(-10)). Let v(y) = -1 - 12*y**2 + 2 + y - 3*y + h*y**2. Let c be 3*(-10)/(-180) + (25/30 - 0). What is v(c)?
-10
Suppose 4*y + 0*y = -716. Let p = y + 183. Let f(k) = k**3 - 4*k**2 - k - 2. What is f(p)?
-6
Let g(z) be the second derivative of z**4/4 + 5*z**3/3 - 3*z**2/2 + 29*z + 3. Determine g(-3).
-6
Let o be (-963)/(-81) - (-3)/27. Let b(g) = -g**2 + 13*g - 16. Let a be b(o). Let x(t) = t**2 + 6*t + 8. Calculate x(a).
0
Let h(m) = m. Let w be h(-15). Let p(d) = d**2 + 13*d - 15. Let c be p(w). Let y(b) = 9*b - c*b - 3*b - 1. Give y(-2).
17
Let g(v) = v**2 + 131*v - 270*v + 4*v**2 + 138*v - 1. What is g(-2)?
21
Let k(v) = 11*v - 12*v - 12*v - 4*v**2 - 21 + 5*v**2 - 3. Give k(13).
-24
Suppose -874 = -2*h - 918. Suppose b = -30 + 7. Let n be h/55 - b/(-5). Let y(l) = -l**2 - 5*l + 4. Determine y(n).
4
Let w(i) = -i**3 - i + 1. Let z be (36/3)/(-4) - -3. Let o be w(z). Let x(l) = l. Let k(b) = 3*b - 2. Let q(r) = o*k(r) + 2*x(r). What is q(-3)?
-17
Let l(n) = 1568*n - 6275*n + 1571*n + 1572*n - 14 + 1565*n. Determine l(6).
-8
Let d be ((-2)/(-3))/((-14)/(-105)). Let r(a) be the second derivative of 1/12*a**4 + a**2 - 4 - 5/6*a**3 + 3*a. Give r(d).
2
Let h(s) be the first derivative of s**3/3 - 15*s**2/2 + 11*s + 429. What is h(13)?
-15
Let c(r) be the second derivative of r**4/12 - 5*r**3/6 - 7*r**2 + 1675*r. Determine c(4).
-18
Let n(j) = j + 11. Let r = -13 + 40. Suppose 38*f - 545 = -1837. Let q = f + r. Calculate n(q).
4
Let n(z) = 9*z - 21 + 42 - 2*z**2 + 0 - 3. Calculate n(-2).
-8
Let g(r) = -24 - 4*r - 26*r - 23 - 4*r + 13*r. Calculate g(-2).
-5
Let q(z) = -4 + 0 - z**2 - 5 + 25 - 6. Give q(0).
10
Suppose 4*q = 15*q - 11. Let m(k) = 12*k - 29*k + 6*k + 10*k + q. What is m(2)?
-1
Let h(b) = 2 - 40*b - 45*b + 91*b. Let w(t) = -t + 7. Let o be w(7). Suppose o = -a + 1, c = 3*a + 1 - 7. What is h(c)?
-16
Let j(s) = -s**3 + 7*s**2 + s - 10. Let p(i) = -i + 66. Let q be p(0). Let m = q - 59. What is j(m)?
-3
Suppose 6*y - 2*y = x + 8, 0 = -4*y + 4*x + 8. Let k(c) = -9 + 15*c**y + 5*c + 12*c**2 + 11*c**2 - 39*c**2. Determine k(2).
-3
Let l(u) be the first derivative of -25*u**4/4 - u**3/3 - u**2/2 + u - 16175. Suppose -5*c + 1 + 4 = 0. Give l(c).
-26
Suppose 1 = -3*g - 5*m, 2*m = -3*g - 5 + 1. Let n(k) = -891*k - 892*k - 2 - 897*k - 895*k - 2*k**2 + 3571*k. Give n(g).
-2
Let c(p) = -6*p + 1. Let s be c(1). Let z(y) = -y + 1 - 1 - 2*y + 0*y + 1. What is z(s)?
16
Let m(z) = -6*z**3 + 46*z**2 - 28*z - 1. Let o be m(7). Let u(g) = 15*g - 7. Give u(o).
-22
Let z = -38 - -30. Let s(x) = -16*x - 11 + x - x**3 - 9*x**2 - 5*x + 2*x + 8*x. Determine s(z).
5
Let w(z) = -z**2 + 7*z - 4. Suppose 30 + 660 = 5*h. Suppose 9*k + 84 - h = 0. Calculate w(k).
2
Suppose -631*q + 563*q + 748 = 0. Let b(w) = -w + 6. Give b(q).
-5
Let v(n) = 3*n**3 + n**2 - 2*n - 1. Let s be 45/20 - 5/20. Let j(d) = d**2 - 4*d + 6. Let a be j(s). Calculate v(a).
23
Let k(r) = -21*r - 669. Let s be k(-32). Let m(l) = -4*l**2 + 9*l + 4. Determine m(s).
-5
Let u(j) be the third derivative of 1/12*j**4 + 0 - 5/6*j**3 + 3*j**2 + 0*j. Calculate u(7).
9
Let h(a) = -a + 3. Let i = 2 - -1. Suppose -8 = 4*q + 3*d, 3*q + 17 - 53 = 3*d. Suppose -13 - 1 = -i*c - w, q = -4*w. What is h(c)?
-2
Let z = -5180 - -5176. Let v(l) be the third derivative of -l**4/24 - l**3/3 + l**2. What is v(z)?
2
Let r(j) = j**2 - 15*j - 7. Let t(z) = -2*z + 2. Let n(x) = r(x) - 3*t(x). Calculate n(13).
39
Let k(n) = -2*n**3 + 1 + 0*n - 4*n**2 - 10*n - 11*n**2 + 0. Let w(l) = -3*l**3 - 22*l**2 - 15*l + 1. Let v(y) = -7*k(y) + 5*w(y). Determine v(-4).
2
Suppose 12*i + 13 = 86 + 71. Let f(r) = r**2 - 5*r - 48. Give f(i).
36
Let r(z) be the third derivative of z**4/8 + z**3/6 + 149*z**2 - 2. Let f(n) = n**2 - 7*n + 7. Let x be 1/(-2) + (-39)/(-6). Let h be f(x). Calculate r(h).
4
Let w(t) = 15*t**2 - 627*t - 126. Let z be w(42). Let r(x) = -x**2 + 3*x - 23. What is r(z)?
-23
Let f be 150/35 + 1 - 4/14. Let s(r) = 5*r**2 + 3 - 75*r + 3 + 64*r. Let u(j) = -3*j**2 + 7*j - 4. Let w(l) = f*s(l) + 8*u(l). Determine w(-2).
0
Let z = -18903 - -18923. Let j(d) = d**3 - 19*d**2 - 18*d - 46. Give j(z).
-6
Let u(h) be the third derivative of -1/12*h**4 - 1/120*h**6 + 0*h - 1/2*h**3 - 1/10*h**5 + 0 + 14*h**2. Determine u(-6).
9
Let a(w) = 4*w - 1. Let r(v) = v**3 - 3*v**2 - 4*v - 6. Let s be r(4). Let j be -3*(1/s + 1)*-2. Suppose 5*k - 5 = 5*i, 0*i + 4*i = j*k - 5. Calculate a(k).
3
Suppose 20 = 4*j, 6*j - 10 = -5*t + 7*j. Let i(x) = 3*x - 13. Let m(l) = 2*l - 6. Let n(s) = t*i(s) - 5*m(s). Determine n(-3).
-6
Suppose 0*x - 16 = -2*x. Let w(o) = 0*o + 2*o + x - o. Let m(t) = 311*t. Let q be m(0). Give w(q).
8
Let z(b) = 5*b - 2*b - 126566*b**2 + 126571*b**2 + b. What is z(-4)?
64
Suppose -4*k + 8 = -4. Let c = 208 + -204. Suppose -r = -c*r - k. Let x(s) = 5*s + 1. What is x(r)?
-4
Suppose 1 = -12*s + 1. Let h(i) = -7*i + s*i**2 - 1 + 15*i**2 - 16*i**2. Let p = -13 - -7. Determine h(p).
5
Let z(h) = h**2 + 2*h - 1. Suppose 9 + 7 = -r. Let n be (-28)/r*(-2 + 6). Suppose n*l - 42 = 21*l. Calculate z(l).
2
Let n(f) = -6*f. Suppose 0 = 8*y + 103 - 23. Let o = 20 + y. Let m be (-12)/3 + -4 + o. What is n(m)?
-12
Let z(y) = -y**2 - y + 1. Let x(g) = -6*g - 76. Let k be x(-13). Let t be 26 + k/(-4) + (-25)/10. Suppose -t*j - 26 = -10*j. Calculate z(j).
-1
Let q(w) = 5*w + 12 - 8 - 2 - 1. Give q(3).
16
Let y(z) = -4*z**2 + 12*z + 5. Let f(b) = 2*b**2 - 6*b - 2. Let t(g) = 5*f(g) + 3*y(g). Suppose 0 = -4*a - r + 19, -4*a = 2*r - 3 - 15. Give t(a).
-15
Let d(c) = -6*c**3 - 14*c**2 - 63*c + 15. Let z(i) = 5*i**3 + 15*i**2 + 61*i - 21. Let y(v) = -6*d(v) - 7*z(v). Determine y(23).
-12
Suppose 2*a = -i - 14, 2*a + 20 + 14 = 4*i. Let p be a/(-21) - (-7 + (-416)/(-56)). Let y(s) = -s + 39. Calculate y(p).
39
Let g(d) = 6*d - 2. Let x be -3 + (0 + 2)*(-4 + 7). Suppose x*u + 144 = 5*a, -3*a = 3*u - 67 + 187. Let r = 41 + u. What is g(r)?
-14
Suppose 5*t = -3*j + 7, -5*j - t = 7 - 4. Let y be (-324)/(-54) - (j - -5). Let z(v) = -2*v**2 + v + 3. Calculate z(y).
-3
Suppose -a + 11 = 8. Let i be -2*2/a*45/(-6). Suppose 0 = -4*p + 2 - i. Let g(n) = 6*n**2 + 2*n + 1. What is g(p)?
21
Let z(g) = g**2 + 34*g + 4. Let r(s) = 5*s + 1. Let o(x) = 5*r(x) - z(x). Let h = 45 - 18. Suppose 4*f - h = 7*f. Calculate o(f).
1
Let q(k) = -k**3 - 17*k**2 + 20*k + 43. Let m(z) = -2*z**3 - 4*z**2 + 5*z + 4. Let o be m(2). What is q(o)?
7
Let r(o) = -381*o - 33*o**2 + 67 + o**3 + 123*o + 1